{"id":225,"date":"2017-03-15T05:42:34","date_gmt":"2017-03-15T03:42:34","guid":{"rendered":"https:\/\/smartdata.tonytemplates.com\/car-repair-service-v4-services\/?page_id=225"},"modified":"2025-04-06T09:28:43","modified_gmt":"2025-04-06T06:28:43","slug":"faq","status":"publish","type":"page","link":"https:\/\/starservice.ro\/?page_id=225","title":{"rendered":"PROMO\u021aII"},"content":{"rendered":"\t\t<div data-elementor-type=\"wp-page\" data-elementor-id=\"225\" class=\"elementor elementor-225\">\n\t\t\t\t\t\t\t\t\t<section class=\"elementor-section elementor-top-section elementor-element elementor-element-59f9664 elementor-section-stretched elementor-section-full_width elementor-section-height-default elementor-section-height-default\" data-id=\"59f9664\" data-element_type=\"section\" data-settings=\"{&quot;stretch_section&quot;:&quot;section-stretched&quot;}\">\n\t\t\t\t\t\t<div class=\"elementor-container elementor-column-gap-default\">\n\t\t\t\t\t<div class=\"elementor-column elementor-col-100 elementor-top-column elementor-element elementor-element-1e922ba\" data-id=\"1e922ba\" data-element_type=\"column\">\n\t\t\t<div class=\"elementor-widget-wrap elementor-element-populated\">\n\t\t\t\t\t\t\t\t<div class=\"elementor-element elementor-element-28a7248 elementor-position-top elementor-vertical-align-top elementor-widget elementor-widget-image-box\" data-id=\"28a7248\" data-element_type=\"widget\" data-widget_type=\"image-box.default\">\n\t\t\t\t<div class=\"elementor-widget-container\">\n\t\t\t<div class=\"elementor-image-box-wrapper\"><figure class=\"elementor-image-box-img\"><a href=\"https:\/\/www.renault.ro\/promotii-rabla-vehicule-de-persoane.html\" target=\"_blank\"><img width=\"1024\" height=\"249\" src=\"https:\/\/starservice.ro\/wp-content\/uploads\/2025\/04\/renault-Rabla-2025-copy.png\" class=\"attachment-full size-full\" alt=\"\" loading=\"lazy\" \/><\/a><\/figure><div class=\"elementor-image-box-content\"><p class=\"elementor-image-box-description\">\n\n<\/p><\/div><\/div>\t\t<\/div>\n\t\t\t\t<\/div>\n\t\t\t\t<div class=\"elementor-element elementor-element-44fd8f1 elementor-position-top elementor-vertical-align-top elementor-widget elementor-widget-image-box\" data-id=\"44fd8f1\" data-element_type=\"widget\" data-widget_type=\"image-box.default\">\n\t\t\t\t<div class=\"elementor-widget-container\">\n\t\t\t<div class=\"elementor-image-box-wrapper\"><figure class=\"elementor-image-box-img\"><a href=\"https:\/\/www.dacia.ro\/promotii-rabla.html\" target=\"_blank\"><img width=\"1024\" height=\"249\" src=\"https:\/\/starservice.ro\/wp-content\/uploads\/2025\/04\/Dacia-Rabla-2025-copy.png\" class=\"attachment-full size-full\" alt=\"\" loading=\"lazy\" \/><\/a><\/figure><div class=\"elementor-image-box-content\"><p class=\"elementor-image-box-description\">\n\n<\/p><\/div><\/div>\t\t<\/div>\n\t\t\t\t<\/div>\n\t\t\t\t<div class=\"elementor-element elementor-element-690a306 elementor-widget elementor-widget-text-editor\" data-id=\"690a306\" data-element_type=\"widget\" data-widget_type=\"text-editor.default\">\n\t\t\t\t<div class=\"elementor-widget-container\">\n\t\t\t\t\t\t\t<p><span style=\"font-family: renault; font-size: 11px;\">*Oferte destinate persoanelor fizice, supuse unor termene \u015fi condi\u021bii, f\u0103r\u0103 valoare contractual\u0103, \u00een limita stocului disponibil, disponibile prin Programul privind reducerea emisiilor de gaze cu efect de ser\u0103 \u00een transporturi, prin promovarea vehiculelor de transport rutier nepoluante \u015fi eficiente din punct de vedere energetic 2025-2030, derulat de Administra\u021bia Fondului pentru Mediu \u0219i finan\u021bat din Fondul pentru mediu. Modalitatea de calcul a reducerii Rabla se bazeaz\u0103 pe contravaloarea ecotichetului, a\u0219a cum este precizata \u00een Proiectul de Ordin pentru aprobarea Ghidului de finan\u021bare a Programului, aflat \u00een dezbatere public\u0103 pe\u00a0<a href=\"https:\/\/www.mmediu.ro\/articol\/ordin-al-ministrului-mediului-apelor-si-padurilor-pentru-aprobarea-ghidului-de-finantare-a-programului-privind-reducerea-emisiilor-de-gaze-cu-efect-de-sera-in-transporturi-prin-promovarea-vehiculelor-de-transport-rutier-nepoluante-si-eficiente-din-punct-de-vedere-energetic-2025-2030\/7785\" target=\"_blank\" rel=\"noopener noreferrer\">site-ul<\/a>\u00a0Ministerului mediului, apelor \u0219i p\u0103durilor Reducerile sunt aplicabile de la momentul la care Programul va deveni func\u021bional pentru solicitan\u021bii persoane fizice, conform regulamentului de campanie de la momentul respectiv.\u00a0Ofertele sunt valabile de la momentul intr\u0103rii in vigoare a Ordinului ministrului mediului, apelor \u0219i p\u0103durilor pentru aprobarea Ghidului de finan\u021bare a Programului, publicat\u00a0\u00een Monitorul Oficial, sub condi\u021bia men\u021binerii sau major\u0103rii valorii ecotichetului din proiectul de Ghid de finan\u021bare aflat \u00een dezbatere public\u0103 \u0219i \u00eendeplinirii de c\u0103tre solicitant a tuturor cerin\u021belor prev\u0103zute de Ghidul de finan\u021bare.<\/span><\/p>\t\t\t\t\t\t<\/div>\n\t\t\t\t<\/div>\n\t\t\t\t<div class=\"elementor-element elementor-element-e893fa0 elementor-widget elementor-widget-car_question_Form\" data-id=\"e893fa0\" data-element_type=\"widget\" data-widget_type=\"car_question_Form.default\">\n\t\t\t\t<div class=\"elementor-widget-container\">\n\t\t\t\n        <div class=\"block\">\n\t\t\t<div class=\"container\">\n\t\t\t<div class=\"block-title\">\n\t\t\t\t<h2 class=\"block-title__title\">Ave\u021bi o intrebare?<\/h2>\n\t\t\t\t<div class=\"block-title__description\">\n\t\t\t\tConsultan\u021bii nostri de v\u00e2nz\u0103ri v\u0103 vor r\u0103spunde \u00een cel mai scurt timp\t\t\t\t<\/div>\n\t\t\t\t<div class=\"title-separator\"><\/div>\n\t\t\t<\/div>\n\t\t\t<div role=\"form\" class=\"wpcf7\" id=\"wpcf7-f2220-o1\" lang=\"en-US\" dir=\"ltr\">\n<div class=\"screen-reader-response\"><p role=\"status\" aria-live=\"polite\" aria-atomic=\"true\"><\/p> <ul><\/ul><\/div>\n<form action=\"\/index.php?rest_route=%2Fwp%2Fv2%2Fpages%2F225#wpcf7-f2220-o1\" method=\"post\" class=\"wpcf7-form init\" novalidate=\"novalidate\" data-status=\"init\">\n<div style=\"display: none;\">\n<input type=\"hidden\" name=\"_wpcf7\" value=\"2220\" \/>\n<input type=\"hidden\" name=\"_wpcf7_version\" value=\"5.3.2\" \/>\n<input type=\"hidden\" name=\"_wpcf7_locale\" value=\"en_US\" \/>\n<input type=\"hidden\" name=\"_wpcf7_unit_tag\" value=\"wpcf7-f2220-o1\" \/>\n<input type=\"hidden\" name=\"_wpcf7_container_post\" value=\"0\" \/>\n<input type=\"hidden\" name=\"_wpcf7_posted_data_hash\" value=\"\" \/>\n<\/div>\n<div class=\"contact-form form-default\">\n<div class=\"custom-width-01\">\n<div class=\"row\">\n<div class=\"col-md-6\">\n<div class=\"input-wrapper\"><span class=\"wpcf7-form-control-wrap your-name\"><input type=\"text\" name=\"your-name\" value=\"\" size=\"40\" class=\"wpcf7-form-control wpcf7-text wpcf7-validates-as-required form-control input-full\" aria-required=\"true\" aria-invalid=\"false\" placeholder=\"Nume\" \/><\/span><\/div>\n<\/p><\/div>\n<div class=\"col-md-6\">\n<div class=\"input-wrapper\"><span class=\"wpcf7-form-control-wrap your-email\"><input type=\"email\" name=\"your-email\" value=\"\" size=\"40\" class=\"wpcf7-form-control wpcf7-text wpcf7-email wpcf7-validates-as-required wpcf7-validates-as-email form-control input-full\" aria-required=\"true\" aria-invalid=\"false\" placeholder=\"address@youremail.com\" \/><\/span><\/div>\n<\/p><\/div>\n<div class=\"col-sm-12\">\n<div class=\"input-wrapper\"><span class=\"wpcf7-form-control-wrap your-message\"><textarea name=\"your-message\" cols=\"40\" rows=\"10\" class=\"wpcf7-form-control wpcf7-textarea textarea-custom input-full form-control\" aria-invalid=\"false\" placeholder=\"\u00centrebare...\"><\/textarea><\/span><\/div>\n<\/p><\/div>\n<div class=\"col-sm-12 text-center\">\n<div class=\"divider-sm\"><\/div>\n<div><button type=\"submit\" id=\"submit-contact\" class=\"btn btn-wide btn-border btn-invert wpcf7-form-control wpcf7-submit\"><span>\u00centreab\u0103<\/span><\/button><\/div>\n<\/p><\/div>\n<\/p><\/div>\n<\/p><\/div>\n<\/div>\n<div class=\"wpcf7-response-output\" aria-hidden=\"true\"><\/div><\/form><\/div>\t\t\t<\/div>\n\t\t<\/div>\n\t\t<!-- Recalls Block -->\n\t\t\t\t<\/div>\n\t\t\t\t<\/div>\n\t\t\t\t\t<\/div>\n\t\t<\/div>\n\t\t\t\t\t\t\t<\/div>\n\t\t<\/section>\n\t\t\t\t\t\t\t<\/div>\n\t\t","protected":false},"excerpt":{"rendered":"<p>*Oferte destinate persoanelor fizice, supuse unor termene \u015fi condi\u021bii, f\u0103r\u0103 valoare contractual\u0103, \u00een limita stocului disponibil, disponibile prin Programul privind reducerea emisiilor de gaze cu efect de ser\u0103 \u00een transporturi, prin promovarea vehiculelor de transport rutier nepoluante \u015fi eficiente din punct de vedere energetic 2025-2030, derulat de Administra\u021bia Fondului pentru Mediu \u0219i finan\u021bat din Fondul [&hellip;]<\/p>\n","protected":false},"author":1,"featured_media":0,"parent":0,"menu_order":0,"comment_status":"closed","ping_status":"closed","template":"","meta":[],"_links":{"self":[{"href":"https:\/\/starservice.ro\/index.php?rest_route=\/wp\/v2\/pages\/225"}],"collection":[{"href":"https:\/\/starservice.ro\/index.php?rest_route=\/wp\/v2\/pages"}],"about":[{"href":"https:\/\/starservice.ro\/index.php?rest_route=\/wp\/v2\/types\/page"}],"author":[{"embeddable":true,"href":"https:\/\/starservice.ro\/index.php?rest_route=\/wp\/v2\/users\/1"}],"replies":[{"embeddable":true,"href":"https:\/\/starservice.ro\/index.php?rest_route=%2Fwp%2Fv2%2Fcomments&post=225"}],"version-history":[{"count":190,"href":"https:\/\/starservice.ro\/index.php?rest_route=\/wp\/v2\/pages\/225\/revisions"}],"predecessor-version":[{"id":4055,"href":"https:\/\/starservice.ro\/index.php?rest_route=\/wp\/v2\/pages\/225\/revisions\/4055"}],"wp:attachment":[{"href":"https:\/\/starservice.ro\/index.php?rest_route=%2Fwp%2Fv2%2Fmedia&parent=225"}],"curies":[{"name":"wp","href":"https:\/\/api.w.org\/{rel}","templated":true}]}}