{"id":4253,"date":"2025-04-09T10:03:24","date_gmt":"2025-04-09T07:03:24","guid":{"rendered":"https:\/\/starservice.ro\/?page_id=4253"},"modified":"2025-04-10T14:24:00","modified_gmt":"2025-04-10T11:24:00","slug":"dacia-bigster","status":"publish","type":"page","link":"https:\/\/starservice.ro\/?page_id=4253","title":{"rendered":"BIGSTER"},"content":{"rendered":"\t\t<div data-elementor-type=\"wp-page\" data-elementor-id=\"4253\" class=\"elementor elementor-4253\">\n\t\t\t\t\t\t\t\t\t<section class=\"elementor-section elementor-top-section elementor-element elementor-element-cef3218 elementor-section-stretched elementor-section-full_width elementor-section-height-default elementor-section-height-default\" data-id=\"cef3218\" data-element_type=\"section\" data-settings=\"{&quot;stretch_section&quot;:&quot;section-stretched&quot;}\">\n\t\t\t\t\t\t<div class=\"elementor-container elementor-column-gap-no\">\n\t\t\t\t\t<div class=\"elementor-column elementor-col-100 elementor-top-column elementor-element elementor-element-45c630c\" data-id=\"45c630c\" data-element_type=\"column\">\n\t\t\t<div class=\"elementor-widget-wrap elementor-element-populated\">\n\t\t\t\t\t\t\t\t<div class=\"elementor-element elementor-element-19221b2 elementor-widget elementor-widget-image\" data-id=\"19221b2\" data-element_type=\"widget\" data-widget_type=\"image.default\">\n\t\t\t\t<div class=\"elementor-widget-container\">\n\t\t\t\t\t\t\t\t\t\t\t\t\t\t\t<img width=\"1024\" height=\"131\" src=\"https:\/\/starservice.ro\/wp-content\/uploads\/2025\/04\/dacia-logo-1024x131-1.png\" class=\"attachment-full size-full\" alt=\"\" loading=\"lazy\" srcset=\"https:\/\/starservice.ro\/wp-content\/uploads\/2025\/04\/dacia-logo-1024x131-1.png 1024w, https:\/\/starservice.ro\/wp-content\/uploads\/2025\/04\/dacia-logo-1024x131-1-300x38.png 300w, https:\/\/starservice.ro\/wp-content\/uploads\/2025\/04\/dacia-logo-1024x131-1-768x98.png 768w, https:\/\/starservice.ro\/wp-content\/uploads\/2025\/04\/dacia-logo-1024x131-1-870x111.png 870w, https:\/\/starservice.ro\/wp-content\/uploads\/2025\/04\/dacia-logo-1024x131-1-600x77.png 600w\" sizes=\"(max-width: 1024px) 100vw, 1024px\" \/>\t\t\t\t\t\t\t\t\t\t\t\t\t\t\t<\/div>\n\t\t\t\t<\/div>\n\t\t\t\t<div class=\"elementor-element elementor-element-827fa6b elementor-widget elementor-widget-csr_slickslider\" data-id=\"827fa6b\" data-element_type=\"widget\" data-settings=\"{&quot;autoplay_speed&quot;:2000,&quot;speed&quot;:500}\" data-widget_type=\"csr_slickslider.default\">\n\t\t\t\t<div class=\"elementor-widget-container\">\n\t\t\t\t\t<div id=\"mainSliderWrapper\" data-slickslider='{\"autoplay\":true,\"autoplay_speed\":2000,\"arrows\":false,\"dots\":true,\"fade\":true,\"speed\":500,\"pause_on_hover\":true,\"pause_on_dots_hover\":true}'>\n\t\t\t<div id=\"mainSlider\">\n\t\t\t\t\t \n\t\t\t\t\t<div class=\"slide\" id=\"69d43b16ca10f496\">\n\t\t\t\t\t\t<div class=\"img--holder\"\n\t\t\t\t\t\t\t\t\t\t\t\t\t\t  style=\"background-image: url(https:\/\/starservice.ro\/wp-content\/uploads\/2025\/04\/Black-for-text.png); min-height: 526px;\" ><\/div>\n\t\t\t\t\t\t<div class=\"slide-content center\">\n\t\t\t\t\t\t\t<div class=\"vert-wrap container\">\n\t\t\t\t\t\t\t\t<div class=\"vert\">\n\t\t\t\t\t\t\t\t\t<div class=\"container\">\n\t\t\t\t\t\t\t\t\t\t<h4 data-animation=\"zoomIn\" data-animation-delay=\"0.5s\">DACIA BIGSTER<\/h4>\t\t\t\t\t\t\t\t\t<\/div>\n\t\t\t\t\t\t\t\t<\/div>\n\t\t\t\t\t\t\t<\/div>\n\t\t\t\t\t\t<\/div>\n\t\t\t\t\t<\/div>\n\t\t\t\t\t\n\t\t\t\t\t<div class=\"slide\" id=\"69d43b16ca3cf364\">\n\t\t\t\t\t\t<div class=\"img--holder\"\n\t\t\t\t\t\t\t\t\t\t\t\t\t\t  style=\"background-image: url(https:\/\/starservice.ro\/wp-content\/uploads\/2025\/04\/bigster_0002_b2.png); min-height: 526px;\" ><\/div>\n\t\t\t\t\t\t<div class=\"slide-content center\">\n\t\t\t\t\t\t\t<div class=\"vert-wrap container\">\n\t\t\t\t\t\t\t\t<div class=\"vert\">\n\t\t\t\t\t\t\t\t\t<div class=\"container\">\n\t\t\t\t\t\t\t\t\t\t\t\t\t\t\t\t\t\t\t<\/div>\n\t\t\t\t\t\t\t\t<\/div>\n\t\t\t\t\t\t\t<\/div>\n\t\t\t\t\t\t<\/div>\n\t\t\t\t\t<\/div>\n\t\t\t\t\t\n\t\t\t\t\t<div class=\"slide\" id=\"69d43b16ca5ae254\">\n\t\t\t\t\t\t<div class=\"img--holder\"\n\t\t\t\t\t\t\t\t\t\t\t\t\t\t  style=\"background-image: url(https:\/\/starservice.ro\/wp-content\/uploads\/2025\/04\/bigster_0001_b1.png); min-height: 526px;\" ><\/div>\n\t\t\t\t\t\t<div class=\"slide-content center\">\n\t\t\t\t\t\t\t<div class=\"vert-wrap container\">\n\t\t\t\t\t\t\t\t<div class=\"vert\">\n\t\t\t\t\t\t\t\t\t<div class=\"container\">\n\t\t\t\t\t\t\t\t\t\t\t\t\t\t\t\t\t\t\t<\/div>\n\t\t\t\t\t\t\t\t<\/div>\n\t\t\t\t\t\t\t<\/div>\n\t\t\t\t\t\t<\/div>\n\t\t\t\t\t<\/div>\n\t\t\t\t\t\n\t\t\t\t\t<div class=\"slide\" id=\"69d43b16ca78f115\">\n\t\t\t\t\t\t<div class=\"img--holder\"\n\t\t\t\t\t\t\t\t\t\t\t\t\t\t  style=\"background-image: url(https:\/\/starservice.ro\/wp-content\/uploads\/2025\/04\/bigster_0000_b4.png); min-height: 526px;\" ><\/div>\n\t\t\t\t\t\t<div class=\"slide-content center\">\n\t\t\t\t\t\t\t<div class=\"vert-wrap container\">\n\t\t\t\t\t\t\t\t<div class=\"vert\">\n\t\t\t\t\t\t\t\t\t<div class=\"container\">\n\t\t\t\t\t\t\t\t\t\t\t\t\t\t\t\t\t\t\t<\/div>\n\t\t\t\t\t\t\t\t<\/div>\n\t\t\t\t\t\t\t<\/div>\n\t\t\t\t\t\t<\/div>\n\t\t\t\t\t<\/div>\n\t\t\t\t\t\n\t\t\t\t\t<div class=\"slide\" id=\"69d43b16ca944333\">\n\t\t\t\t\t\t<div class=\"img--holder\"\n\t\t\t\t\t\t\t\t\t\t\t\t\t\t  style=\"background-image: url(https:\/\/starservice.ro\/wp-content\/uploads\/2025\/04\/bigster_0003_b3.png); min-height: 526px;\" ><\/div>\n\t\t\t\t\t\t<div class=\"slide-content center\">\n\t\t\t\t\t\t\t<div class=\"vert-wrap container\">\n\t\t\t\t\t\t\t\t<div class=\"vert\">\n\t\t\t\t\t\t\t\t\t<div class=\"container\">\n\t\t\t\t\t\t\t\t\t\t\t\t\t\t\t\t\t\t\t<\/div>\n\t\t\t\t\t\t\t\t<\/div>\n\t\t\t\t\t\t\t<\/div>\n\t\t\t\t\t\t<\/div>\n\t\t\t\t\t<\/div>\n\t\t\t\t\t\t\t\t<\/div>\n\t\t\t\t<\/div>\n\t\t\t\t<\/div>\n\t\t\t\t<\/div>\n\t\t\t\t<div class=\"elementor-element elementor-element-66ec4f9 elementor-widget elementor-widget-about_us_1\" data-id=\"66ec4f9\" data-element_type=\"widget\" data-widget_type=\"about_us_1.default\">\n\t\t\t\t<div class=\"elementor-widget-container\">\n\t\t\t\n\t\t<div class=\"block\">\n\t\t\t<div class=\"container no-indent\">\n\t\t\t\t<div class=\"wrapper-parallax-left02\">\n\t\t\t\t\t<div class=\"col-img\">\n\t\t\t\t\t\t<img width=\"1280\" height=\"720\" src=\"https:\/\/starservice.ro\/wp-content\/uploads\/2025\/04\/bigster_0001_b4.png\" class=\"attachment-full size-full\" alt=\"\" loading=\"lazy\" srcset=\"https:\/\/starservice.ro\/wp-content\/uploads\/2025\/04\/bigster_0001_b4.png 1280w, https:\/\/starservice.ro\/wp-content\/uploads\/2025\/04\/bigster_0001_b4-300x169.png 300w, https:\/\/starservice.ro\/wp-content\/uploads\/2025\/04\/bigster_0001_b4-1024x576.png 1024w, https:\/\/starservice.ro\/wp-content\/uploads\/2025\/04\/bigster_0001_b4-768x432.png 768w, https:\/\/starservice.ro\/wp-content\/uploads\/2025\/04\/bigster_0001_b4-870x489.png 870w, https:\/\/starservice.ro\/wp-content\/uploads\/2025\/04\/bigster_0001_b4-600x338.png 600w\" sizes=\"(max-width: 1280px) 100vw, 1280px\" \/>\t\t\t\t\t<\/div>\n\t\t\t\t\t<div class=\"col-description\">\n\t\t\t\t\t\t<div class=\"block-title text-left\">\n\t\t\t\t\t\t\t<h3 class=\"block-title__title\">\n\t\t\t\t\t\t\t<span style=\"font-family: DACIA\"> DACIA BIGSTER <\/span>\t\t\t\t\t\t\t<\/h3>\n\t\t\t\t\t\t\t<div class=\"title-separator\"><\/div>\n\t\t\t\t\t\t<\/div>\n\t\t\t\t\t\t<span style=\"font-family: DACIA\">Dacia are obiective ambi\u021bioase cu Bigster hibrid cu 5 locuri! Designul modern \u0219i aerodinamic scoate \u00een eviden\u021b\u0103 caracterul puternic al modelului Bigster, iar interiorul s\u0103u spa\u021bios \u0219i bine echipat \u00ee\u021bi ofer\u0103 tot confortul de care ai nevoie \u00een fiecare c\u0103l\u0103torie.<\/span>\n\n<span style=\"font-family: DACIA\">Fii printre primii posesori ai noului model Dacia Bigster!<\/span>\t\t\t\t\t<\/div>\n\t\t\t\t<\/div>\n\t\t\t\t<div class=\"divider-md\"><\/div>\n\t\t\t\t<div class=\"row\">\n\t\t\t\t\t\t\t\t\t<div class=\"col-md-4\">\n\t\t\t\t\t\t<h6 class=\"subtitle\"><span style=\"font-family: DACIA;\">MAI SPA\u021aIOS, BIGSTER CU ADEV\u0102RAT<\/h6>\n\t\t\t\t\t\t<span style=\"font-family: DACIA;\"> Bucur\u0103-te de spa\u021biul generos oferit de cele cinci\nlocuri. Scaunul \u0219oferului poate fi reglat electric \u00een\ncazul versiunii Journey: setezi \u00een\u0103l\u021bimea potrivit\u0103\npentru tine sau \u00eel po\u021bi \u00eenclina \u00eenainte \u0219i \u00eenapoi pentru\npozi\u021bia preferat\u0103. Reglarea lombar\u0103 manual\u0103\noptimizeaz\u0103 confortul pentru ambele scaune din fa\u021b\u0103.\nCu motorul Hybrid 155, versiunile Journey \u0219i Extreme\nau o consol\u0103 cu \u00eenc\u0103rc\u0103tor wireless, suporturi pentru\npahare \u0219i un compartiment frigorific.\n\u00cen spate, pasagerii se pot bucura de cel mai bun\nspa\u021biu pentru genunchi \u0219i pe \u00een\u0103l\u021bime din aceast\u0103\nclas\u0103. Bancheta rabatabil\u0103 40\/20\/40, cu un scaun\ncentral care de asemenea se rabateaz\u0103 \u00een jos\n\u00eentr-o cotier\u0103, reinventeaz\u0103 confortul \u0219i m\u0103re\u0219te\nposibilit\u0103\u021bile de transport. \n <\/span>\t\t\t\t\t<\/div>\n\t\t\t\t\t\t\t\t\t\t<div class=\"divider-md hidden-lg hidden-md\"><\/div>\n\t\t\t\t\t\t\t\t\t\t\t\t\t\t\t<div class=\"col-md-4\">\n\t\t\t\t\t\t<h6 class=\"subtitle\"><span style=\"font-family: DACIA;\">TEHNOLOGII CREATE PENTRU NEVOILE TALE<\/h6>\n\t\t\t\t\t\t<span style=\"font-family: DACIA;\"> Dacia Bigster ofer\u0103 cele mai noi motoare mild hybrid\nsau full hybrid, cum ar fi noul motor Hybrid 155 \u2013\no nou\u0103 reu\u0219it\u0103 a cercet\u0103rii \u0219i dezvolt\u0103rii Grupului\nRenault: pl\u0103cere de a conduce de neegalat, p\u00e2n\u0103 la\n80% din timpul de condus \u00een modul 100% electric \u00een\nzonele urbane \u0219i economie de combustibil de p\u00e2n\u0103\nla 40%(1)\n.\nMotoarele TCe 140 \u0219i TCe 130 mild-hybrid pe\nbenzin\u0103 pentru versiunea 4x4 reduc consumul de\ncombustibil \u0219i asigur\u0103 o performan\u021b\u0103 sporit\u0103 \u00een\norice moment. De asemenea, \u00ee\u021bi po\u021bi \u00eembun\u0103t\u0103\u021bi\nexperien\u021ba de conducere cu un pachet cuprinz\u0103tor\nde 13 sisteme avansate de asisten\u021b\u0103 pentru \u0219ofer.\n <\/span>\t\t\t\t\t<\/div>\n\t\t\t\t\t\t\t\t\t\t<div class=\"divider-md hidden-lg hidden-md\"><\/div>\n\t\t\t\t\t\t\t\t\t\t\t\t\t\t\t<div class=\"col-md-4\">\n\t\t\t\t\t\t<h6 class=\"subtitle\"><span style=\"font-family: DACIA;\">EXPERIEN\u021aA INTERIOAR\u0102 CREAT\u0102 PENTRU TINE<\/h6>\n\t\t\t\t\t\t<span style=\"font-family: DACIA;\"> Tehnologii \u0219i ergonomie pentru o via\u021b\u0103 de zi cu\nzi simpl\u0103 \u0219i sigur\u0103. Informa\u021biile despre condus \u0219i\nsistemele multimedia se reg\u0103sesc pe tabloul de bord\ndigital de 10 inch \u0219i pe ecranul tactil central de 10,1\ninch. O linie verde elegant\u0103 conecteaz\u0103 aceste dou\u0103\necrane, integr\u00e2ndu-le perfect \u00een plan\u0219a de bord. \u00cen\nplus, vei fi conectat \u00een orice moment cu \u00eenc\u0103rc\u0103torul\nwireless pentru smartphone.\nBigster este conceput pentru a g\u0103zdui cinci pasageri\n\u00een cele mai bune condi\u021bii. Habitaclul ofer\u0103 izolare\nfonic\u0103 controlat\u0103, un sistem de sunet Arkamys\u00ae 3D\ncu \u0219ase difuzoare \u0219i aer condi\u021bionat personalizabil cu\ndou\u0103 zone \u00een fa\u021b\u0103 \u0219i grile de ventila\u021bie \u00een spate.\n <\/span>\t\t\t\t\t<\/div>\n\t\t\t\t\t\t\t\t\t\t\t\t\t\t<\/div>\n\t\t\t<\/div>\n\t\t<\/div>\n\n\t\t\t\t\t<\/div>\n\t\t\t\t<\/div>\n\t\t\t\t<div class=\"elementor-element elementor-element-8e35e83 elementor-widget elementor-widget-about_us_1\" data-id=\"8e35e83\" data-element_type=\"widget\" data-widget_type=\"about_us_1.default\">\n\t\t\t\t<div class=\"elementor-widget-container\">\n\t\t\t\n\t\t<div class=\"block\">\n\t\t\t<div class=\"container no-indent\">\n\t\t\t\t<div class=\"wrapper-parallax-left02\">\n\t\t\t\t\t<div class=\"col-img\">\n\t\t\t\t\t\t<img width=\"1280\" height=\"720\" src=\"https:\/\/starservice.ro\/wp-content\/uploads\/2025\/04\/tehnologii-dacia-copy.png\" class=\"attachment-full size-full\" alt=\"\" loading=\"lazy\" srcset=\"https:\/\/starservice.ro\/wp-content\/uploads\/2025\/04\/tehnologii-dacia-copy.png 1280w, https:\/\/starservice.ro\/wp-content\/uploads\/2025\/04\/tehnologii-dacia-copy-300x169.png 300w, https:\/\/starservice.ro\/wp-content\/uploads\/2025\/04\/tehnologii-dacia-copy-1024x576.png 1024w, https:\/\/starservice.ro\/wp-content\/uploads\/2025\/04\/tehnologii-dacia-copy-768x432.png 768w, https:\/\/starservice.ro\/wp-content\/uploads\/2025\/04\/tehnologii-dacia-copy-870x489.png 870w, https:\/\/starservice.ro\/wp-content\/uploads\/2025\/04\/tehnologii-dacia-copy-600x338.png 600w\" sizes=\"(max-width: 1280px) 100vw, 1280px\" \/>\t\t\t\t\t<\/div>\n\t\t\t\t\t<div class=\"col-description\">\n\t\t\t\t\t\t<div class=\"block-title text-left\">\n\t\t\t\t\t\t\t<h3 class=\"block-title__title\">\n\t\t\t\t\t\t\t<span style=\"font-family: DACIA\">Tehnologie hibrid\u0103 Dacia<\/span>\t\t\t\t\t\t\t<\/h3>\n\t\t\t\t\t\t\t<div class=\"title-separator\"><\/div>\n\t\t\t\t\t\t<\/div>\n\t\t\t\t\t\t<span style=\"font-family: DACIA\">Motoriz\u0103rile hibride combin\u0103 un motor conven\u021bional pe benzin\u0103 cu un motor electric care \u00eendepline\u0219te mai multe func\u021bii.\t\t\t\t\t<\/div>\n\t\t\t\t<\/div>\n\t\t\t\t<div class=\"divider-md\"><\/div>\n\t\t\t\t<div class=\"row\">\n\t\t\t\t\t\t\t\t\t<div class=\"col-md-4\">\n\t\t\t\t\t\t<h6 class=\"subtitle\"><span style=\"font-family: DACIA;\">Hybrid 155 - Tehnologie Full Hybrid<\/h6>\n\t\t\t\t\t\t<span style=\"font-family: DACIA;\">\nStructur\u0103:\n<ul>\n \t<li>1 motor termic<\/li>\n \t<li>Cutie de viteze automat\u0103 multimodal\u0103<\/li>\n \t<li>1 baterie de trac\u021biune de 280 V, f\u0103r\u0103 \u00eenc\u0103rcare la priz\u0103<\/li>\n<\/ul>\n\u00a0<\/span>\t\t\t\t\t<\/div>\n\t\t\t\t\t\t\t\t\t\t<div class=\"divider-md hidden-lg hidden-md\"><\/div>\n\t\t\t\t\t\t\t\t\t\t\t\t\t\t\t<div class=\"col-md-4\">\n\t\t\t\t\t\t<h6 class=\"subtitle\"><span style=\"font-family: DACIA;\">TCe 140 - Tehnologie Mild Hybrid<\/h6>\n\t\t\t\t\t\t<span style=\"font-family: DACIA;\">Structur\u0103:\n<ul>\n \t<li>1 motor termic<\/li>\n \t<li>1 alternator demaror<\/li>\n \t<li>1 baterie de 48 V f\u0103r\u0103 \u00eenc\u0103rcare la priz\u0103, cu \u00eenc\u0103rcare prin recuperarea energiei \u00een timpul deplas\u0103rii<\/li>\n<\/ul>\n\u00a0<\/span>\t\t\t\t\t<\/div>\n\t\t\t\t\t\t\t\t\t\t<div class=\"divider-md hidden-lg hidden-md\"><\/div>\n\t\t\t\t\t\t\t\t\t\t\t\t\t\t\t<div class=\"col-md-4\">\n\t\t\t\t\t\t<h6 class=\"subtitle\"><span style=\"font-family: DACIA;\">TCe 130 4x4 - Tehnologie Mild Hybrid<\/h6>\n\t\t\t\t\t\t<span style=\"font-family: DACIA;\">Structur\u0103:\n<ul>\n \t<li>1 motor termic<\/li>\n \t<li>1 alternator demaror<\/li>\n \t<li>1 baterie f\u0103r\u0103 \u00eenc\u0103rcare la priz\u0103<\/li>\n \t<li>1 arbore cardanic c\u0103tre puntea spate<\/li>\n<\/ul>\n<\/span>\t\t\t\t\t<\/div>\n\t\t\t\t\t\t\t\t\t\t\t\t\t\t<\/div>\n\t\t\t<\/div>\n\t\t<\/div>\n\n\t\t\t\t\t<\/div>\n\t\t\t\t<\/div>\n\t\t\t\t<div class=\"elementor-element elementor-element-7550471 elementor-align-center elementor-mobile-align-center elementor-widget elementor-widget-button\" data-id=\"7550471\" data-element_type=\"widget\" data-settings=\"{&quot;_animation&quot;:&quot;none&quot;,&quot;_animation_tablet&quot;:&quot;none&quot;}\" data-widget_type=\"button.default\">\n\t\t\t\t<div class=\"elementor-widget-container\">\n\t\t\t\t\t<div class=\"elementor-button-wrapper\">\n\t\t\t<a href=\"https:\/\/starservice.ro\/wp-content\/uploads\/2025\/04\/dacia-bigster-brosura.pdf\" target=\"_blank\" class=\"elementor-button-link elementor-button elementor-size-sm\" role=\"button\">\n\t\t\t\t\t\t<span class=\"elementor-button-content-wrapper\">\n\t\t\t\t\t\t\t<span class=\"elementor-button-icon elementor-align-icon-left\">\n\t\t\t\t<i aria-hidden=\"true\" class=\"far fa-arrow-alt-circle-down\"><\/i>\t\t\t<\/span>\n\t\t\t\t\t\t<span class=\"elementor-button-text\">Descarc\u0103 PDF<\/span>\n\t\t<\/span>\n\t\t\t\t\t<\/a>\n\t\t<\/div>\n\t\t\t\t<\/div>\n\t\t\t\t<\/div>\n\t\t\t\t<div class=\"elementor-element elementor-element-8406e94 elementor-align-left elementor-mobile-align-center elementor-widget elementor-widget-button\" data-id=\"8406e94\" data-element_type=\"widget\" data-settings=\"{&quot;_animation&quot;:&quot;none&quot;,&quot;_animation_tablet&quot;:&quot;none&quot;}\" data-widget_type=\"button.default\">\n\t\t\t\t<div class=\"elementor-widget-container\">\n\t\t\t\t\t<div class=\"elementor-button-wrapper\">\n\t\t\t<a href=\"https:\/\/starservice.ro\/?page_id=2942\" class=\"elementor-button-link elementor-button elementor-size-sm\" role=\"button\">\n\t\t\t\t\t\t<span class=\"elementor-button-content-wrapper\">\n\t\t\t\t\t\t\t<span class=\"elementor-button-icon elementor-align-icon-left\">\n\t\t\t\t<i aria-hidden=\"true\" class=\"far fa-arrow-alt-circle-left\"><\/i>\t\t\t<\/span>\n\t\t\t\t\t\t<span class=\"elementor-button-text\">\u00cenapoi la pagina principal\u0103<\/span>\n\t\t<\/span>\n\t\t\t\t\t<\/a>\n\t\t<\/div>\n\t\t\t\t<\/div>\n\t\t\t\t<\/div>\n\t\t\t\t\t<\/div>\n\t\t<\/div>\n\t\t\t\t\t\t\t<\/div>\n\t\t<\/section>\n\t\t\t\t<section class=\"elementor-section elementor-top-section elementor-element elementor-element-4c44883 elementor-section-boxed elementor-section-height-default elementor-section-height-default\" data-id=\"4c44883\" data-element_type=\"section\">\n\t\t\t\t\t\t<div class=\"elementor-container elementor-column-gap-default\">\n\t\t\t\t\t<div class=\"elementor-column elementor-col-100 elementor-top-column elementor-element elementor-element-8b2aa31\" data-id=\"8b2aa31\" data-element_type=\"column\">\n\t\t\t<div class=\"elementor-widget-wrap elementor-element-populated\">\n\t\t\t\t\t\t\t\t<div class=\"elementor-element elementor-element-77a4b76 elementor-widget elementor-widget-appointment_schedule\" data-id=\"77a4b76\" data-element_type=\"widget\" data-widget_type=\"appointment_schedule.default\">\n\t\t\t\t<div class=\"elementor-widget-container\">\n\t\t\t\n<div class=\"block \">\n\n  <div class=\"container position-relative\">\n\t<div class=\"section__text-background text-color02 text-center text-background__center\">\n\t\t\tPromo\u021bii<\/div>\n\t<div class=\"row\">\n\t  <div class=\"col-md-6\">\n\t\t<div class=\"text-appointment\">\n\t\t  <h2 class=\"h-lg\"><\/h2>\n\t\t  <p class=\"info\">STAR Service Dealer Auto pentru m\u0103rcile DACIA \/ RENAULT<\/p>\n\t\t  <h2 class=\"h-phone\">Tel: 0240 531 215<\/h2>\n\t\t  <div>\n\n\t\t\t\t\t\t<a class=\"btn btn-border btn-invert\"\n\t\t\t  href=\"https:\/\/starservice.ro\/?page_id=225\"><span>Vezi OFERTA<\/span><\/a>\n\t\t\t\t\t  <\/div>\n\t\t<\/div>\n\t  <\/div>\n\t  <div class=\"col-md-6\">\n\t\t<div class=\"img-move animation animated fadeInRight\" data-animation=\"fadeInRight\" data-animation-delay=\"0s\">\n\t\t\t<img width=\"667\" height=\"375\" src=\"https:\/\/starservice.ro\/wp-content\/uploads\/2021\/02\/noul_logan_.png\" class=\"attachment-full size-full\" alt=\"\" loading=\"lazy\" srcset=\"https:\/\/starservice.ro\/wp-content\/uploads\/2021\/02\/noul_logan_.png 667w, https:\/\/starservice.ro\/wp-content\/uploads\/2021\/02\/noul_logan_-300x169.png 300w, https:\/\/starservice.ro\/wp-content\/uploads\/2021\/02\/noul_logan_-600x337.png 600w\" sizes=\"(max-width: 667px) 100vw, 667px\" \/>\t\t<\/div>\n\t  <\/div>\n\t<\/div>\n  <\/div>\n<\/div>\n\t\t\t\t\t<\/div>\n\t\t\t\t<\/div>\n\t\t\t\t\t<\/div>\n\t\t<\/div>\n\t\t\t\t\t\t\t<\/div>\n\t\t<\/section>\n\t\t\t\t\t\t\t<\/div>\n\t\t","protected":false},"excerpt":{"rendered":"<p>DACIA BIGSTER DACIA BIGSTER Dacia are obiective ambi\u021bioase cu Bigster hibrid cu 5 locuri! Designul modern \u0219i aerodinamic scoate \u00een eviden\u021b\u0103 caracterul puternic al modelului Bigster, iar interiorul s\u0103u spa\u021bios \u0219i bine echipat \u00ee\u021bi ofer\u0103 tot confortul de care ai nevoie \u00een fiecare c\u0103l\u0103torie. Fii printre primii posesori ai noului model Dacia Bigster! MAI SPA\u021aIOS, [&hellip;]<\/p>\n","protected":false},"author":1,"featured_media":0,"parent":0,"menu_order":0,"comment_status":"closed","ping_status":"closed","template":"","meta":[],"_links":{"self":[{"href":"https:\/\/starservice.ro\/index.php?rest_route=\/wp\/v2\/pages\/4253"}],"collection":[{"href":"https:\/\/starservice.ro\/index.php?rest_route=\/wp\/v2\/pages"}],"about":[{"href":"https:\/\/starservice.ro\/index.php?rest_route=\/wp\/v2\/types\/page"}],"author":[{"embeddable":true,"href":"https:\/\/starservice.ro\/index.php?rest_route=\/wp\/v2\/users\/1"}],"replies":[{"embeddable":true,"href":"https:\/\/starservice.ro\/index.php?rest_route=%2Fwp%2Fv2%2Fcomments&post=4253"}],"version-history":[{"count":79,"href":"https:\/\/starservice.ro\/index.php?rest_route=\/wp\/v2\/pages\/4253\/revisions"}],"predecessor-version":[{"id":4463,"href":"https:\/\/starservice.ro\/index.php?rest_route=\/wp\/v2\/pages\/4253\/revisions\/4463"}],"wp:attachment":[{"href":"https:\/\/starservice.ro\/index.php?rest_route=%2Fwp%2Fv2%2Fmedia&parent=4253"}],"curies":[{"name":"wp","href":"https:\/\/api.w.org\/{rel}","templated":true}]}}